56?
-d745
In base 11, what is 161 - 325?
-174
In base 10, what is -5 + -91434?
-91439
In base 12, what is aa - -7286?
7374
In base 14, what is -4374 + 4?
-4370
In base 6, what is 204 + -404012?
-403404
In base 5, what is 432 + 14320?
20302
In base 4, what is -1301010 + 10?
-1301000
In base 16, what is 80 + f1a?
f9a
In base 3, what is -101121210 + -1022?
-101200002
In base 6, what is 4 + -11552355?
-11552351
In base 12, what is -2 + -3738?
-373a
In base 6, what is 0 - 23113405?
-23113405
In base 13, what is -1c + -cb1?
-1000
In base 9, what is -1108 + -65?
-1174
In base 15, what is 21b - -cb?
2e7
In base 13, what is -16a425 - 0?
-16a425
In base 8, what is 1033 - 21515?
-20462
In base 10, what is 3 - 114581?
-114578
In base 6, what is -3201 - 12013?
-15214
In base 16, what is -787 - -10c?
-67b
In base 7, what is -231343 - -3?
-231340
In base 15, what is -4 - -7757?
7753
In base 10, what is -67834 + 1?
-67833
In base 5, what is -1102 + 1321320?
1320213
In base 4, what is -10 + 3322020?
3322010
In base 4, what is 111 + 112321202?
112321313
In base 2, what is 10100011010111000100100 - 101?
10100011010111000011111
In base 6, what is 431044 + -1?
431043
In base 2, what is 1110010010 - 111011?
1101010111
In base 15, what is -9b9 + e?
-9aa
In base 4, what is -112003 - 23331?
-202000
In base 3, what is -100 - -1221210?
1221110
In base 16, what is -3 - 59f17?
-59f1a
In base 8, what is 23 - -22427?
22452
In base 4, what is -123321 - 222?
-130203
In base 13, what is 5 + 75888?
75890
In base 5, what is 3 - 20402?
-20344
In base 8, what is 6443 + 0?
6443
In base 11, what is -3 + -21a7?
-21aa
In base 14, what is 68dd6 - -4?
68dda
In base 6, what is 504 - -34144?
35052
In base 10, what is -32658 - 4?
-32662
In base 5, what is 4002 + 4023?
13030
In base 8, what is -16741 + 56?
-16663
In base 14, what is 125 - -1139?
1260
In base 3, what is -222021122120 + 100?
-222021122020
In base 10, what is -53 - 236?
-289
In base 13, what is -7 - 8055?
-805c
In base 2, what is -10010110 - -1101011010?
1011000100
In base 9, what is -1 + 18684?
18683
In base 9, what is 6132 - 3?
6128
In base 5, what is 1044 - 102222?
-101123
In base 7, what is 12 + 31150?
31162
In base 14, what is -b03 - 1c6?
-cc9
In base 8, what is 5522 + -45?
5455
In base 6, what is 20410 - 30?
20340
In base 5, what is -30411 + -14?
-30430
In base 11, what is -2174985 - 2?
-2174987
In base 6, what is -305 + -2305?
-3014
In base 10, what is -10393271 - -5?
-10393266
In base 11, what is -39a - 616a?
-6559
In base 12, what is -235 - 2010?
-2245
In base 13, what is -685 + 56?
-62c
In base 15, what is c2 + b4?
186
In base 15, what is -4c8 + -22?
-4ea
In base 6, what is -10411 + -35?
-10450
In base 7, what is -4 - 35510?
-35514
In base 12, what is 6a + -1878?
-180a
In base 2, what is 1011100101100 - 1010011?
1011011011001
In base 3, what is -210201002022 + 11?
-210201002011
In base 7, what is -11546 + -33?
-11612
In base 14, what is -2 - -4a04?
4a02
In base 7, what is 11 - -54066?
54110
In base 10, what is 875 - -55?
930
In base 16, what is 3f8b0 + -3?
3f8ad
In base 3, what is 10112000 - 0?
10112000
In base 10, what is 37717 - -4?
37721
In base 5, what is -2104304 + -1?
-2104310
In base 13, what is 486 + c3?
579
In base 3, what is -21 + -20002212?
-20010010
In base 7, what is 164 - 4320?
-4123
In base 6, what is 23201 + -42?
23115
In base 2, what is -1111110001 + 1001001?
-1110101000
In base 8, what is 164 - -5021?
5205
In base 14, what is 7 + -15cc9?
-15cc2
In base 5, what is 103214 + -33?
103131
In base 2, what is 1110011010 + 1011000111010?
1100111010100
In base 10, what is -1 + -55693?
-55694
In base 4, what is 2 + -23203201?
-23203133
In base 14, what is -15 + -79d1?
-7a06
In base 13, what is 54 + b98?
c1c
In base 4, what is 130031 - -113?
130210
In base 15, what is 267527 + 3?
26752a
In base 16, what is -caca - 1?
-cacb
In base 7, what is -31402 - -1203?
-30166
In base 10, what is 1 - 32072?
-32071
In base 14, what is -3 + 879?
876
In base 7, what is -4 + 1255424?
1255420
In base 11, what is -24aa - 13?
-2512
In base 8, what is 32641 - 1?
32640
In base 10, what is 3 + -155687?
-155684
In base 2, what is -100101110 - 1001101100?
-1110011010
In base 8, what is -42 + -42466?
-42530
In base 6, what is -4314 - 2?
-4320
In base 4, what is -3310230 + 231?
-3303333
In base 5, what is -11 - -421432?
421421
In base 8, what is -3 - -76423?
76420
In base 16, what is -2 - -4d656?
4d654
In base 16, what is 0 - -7d0?
7d0
In base 5, what is -23 + 1034?
1011
In base 4, what is 10 + 230223?
230233
In base 4, what is 3301 - 212322?
-203021
In base 8, what is -2 - -367?
365
In base 3, what is -202120210002 + -10?
-202120210012
In base 4, what is -2203322 + 30?
-2203232
In base 12, what is -279 + 188?
-b1
In base 13, what is -1229a64 - -4?
-1229a60
In base 10, what is -15 + -49081?
-49096
In base 16, what is 9 - -e15?
e1e
In base 16, what is -24dd - -27?
-24b6
In base 16, what is 55 + -78?
-23
In base 8, what is -363 - -46?
-315
In base 8, what is 4 + -10565?
-10561
In base 9, what is 261 + -13472?
-13211
In base 9, what is -1042 - 714?
-1756
In base 2, what is 100 + 101010010110111001?
101010010110111101
In base 14, what is -1d4 - 3c8?
-5bc
In base 8, what is -16226 + 2?
-16224
In base 10, what is -87 + 1606?
1519
In base 15, what is 1 + 40961?
40962
In base 5, what is -2404400 - -23?
-2404322
In base 10, what is 5 + 100918?
100923
In base 7, what is 136 - 13261?
-13122
In base 5, what is 42 - -1321?
1413
In base 4, what is 1 + -310110120?
-310110113
In base 10, what is 35614 + 27?
35641
In base 13, what is 2 + -a0755?
-a0753
In base 3, what is -121 - -22222012?
22221121
In base 11, what is 13 + -a596?
-a583
In base 11, what is 1652 + 2?
1654
In base 5, what is -21 - 12124142?
-12124213
In base 14, what is -41 - 22a73?
-22ab4
In base 3, what is -12101121112 - 2?
-12101121121
In base 9, what is -235 - 1?
-236
In base 5, what is 143 - -12012?
12210
In base 14, what is -d + 8a78?
8a69
In base 12, what is -173 - 50?
-203
In base 10, what is -5 + -351135?
-351140
In base 6, what is 10343530 + -14?
10343512
In base 5, what is -232020 + -1022?
-233042
In base 6, what is -1 + 1343340?
1343335
In base 8, what is -4 - 54744?
-54750
In base 11, what is 1845a + -11?
18449
In base 16, what is 6 + -8d1e?
-8d18
In base 4, what is 2001011 + -23?
2000322
In base 6, what is 15 + 1455?
1514
In base 8, what is -2 - 726?
-730
In base 12, what is 1aa19 + -3?
1aa16
In base 9, what is -1304 - -10?
-1284
In base 13, what is -2 - -1806?
1804
In base 8, what is -2754 + 2142?
-612
In base 14, what is -3b - -1b?
-20
In base 6, what is 3 - -105004?
105011
In base 10, what is -7647 - 287?
-7934
In base 4, what is 1010 - -10033?
11103
In base 4, what is -212100 + -12100?
-230200
In base 15, what is 2439 + 11?
244a
In base 12, what is -690 - 1063?
-1733
In base 16, what is -4 - -c67da?
c67d6
In base 15, what is -68 - 69?
-d2
In base 7, what is 2610 + 145?
3055
In base 9, what is -4570640 + 2?
-4570637
In base 11, what is -4 + 217?
213
In base 4, what is 12313002023 + -10?
12313002013
In base 16, what is -81 - 1047?
-10c8
In base 2, what is -101101 - -110100101101?
110100000000
In base 9, what is -48 - -116?
57
In base 16, what is -116 + -70b?
-821
In base 14, what is -15d56 + 2?
-15d54
In base 8, what is 210215 - 5?
210210
In base 3, what is -101 - -221201011?
221200210
In base 13, what is 13a + c0?
22a
In base 8, what is -5 + 323?
316
In base 6, what is 25022 - -343?
25405
In base 15, what is 36 - 3e8?
-3b2
In base 2, what is 11001111100111010 - 101?
11001111100110101
In base 4, what is 1222103 + 2?
1222111
In base 7, what is 1 + -2622543?
-2622542
In base 3, what is -21102 - 100212?
-122021
In base 12, what is 81 - 403?
-342
In base 5, what is 222143 + -104?
222034
In base 8, what is 320 - 41130?
-40610
In base 13, what is 6 + 2c820?
2c826
In base 9, what is 2541 - 126?
2414
In base 14, what is 0 + c410?
c410
In base 6, what is 441131 + -5?
441122
In base 3, what is 120010022 + 10?
120010102
In base 3, what is 22100020200 + -11?
22100020112
In base 10, what is -288139 - -4?
-288135
In base 4, what is -2 - -21022330?
21022322
In base 13, what is 3 - -1440?
1443
In base 14, what is -36dc - 5?
-3703
In base 3, what is 2111222212 - -120?
2112000102
In base